tors of 39078471?
3, 71, 271, 677
List the prime factors of 24418970.
2, 5, 17, 379
List the prime factors of 171717777.
3, 7, 11, 37, 181
What are the prime factors of 1604971408?
2, 100310713
What are the prime factors of 2046680768?
2, 11, 2907217
What are the prime factors of 2148236359?
2148236359
What are the prime factors of 257471992?
2, 293, 109843
List the prime factors of 3983539108.
2, 59, 16879403
List the prime factors of 718379165.
5, 7, 101, 103, 1973
What are the prime factors of 1229320044?
2, 3, 11382593
List the prime factors of 112429407.
3, 37476469
What are the prime factors of 48581011?
48581011
What are the prime factors of 49972070?
2, 5, 223, 22409
What are the prime factors of 27257710?
2, 5, 811, 3361
What are the prime factors of 17350210?
2, 5, 653, 2657
List the prime factors of 1986289177.
23, 349, 247451
List the prime factors of 31386527.
1693, 18539
What are the prime factors of 694272093?
3, 29, 557, 14327
What are the prime factors of 63039575?
5, 241, 10463
List the prime factors of 102228337.
47, 89, 24439
List the prime factors of 38308057.
1163, 32939
List the prime factors of 1666312498.
2, 107, 311, 25037
List the prime factors of 336111009.
3, 13, 1231, 7001
What are the prime factors of 409581057?
3, 136527019
List the prime factors of 63539026.
2, 31, 1024823
What are the prime factors of 2618070132?
2, 3, 5449, 40039
What are the prime factors of 101718933?
3, 1051, 32261
What are the prime factors of 961103111?
1223, 785857
What are the prime factors of 478583084?
2, 7, 31, 551363
List the prime factors of 7059573.
3, 17, 46141
What are the prime factors of 690893456?
2, 11, 569, 6899
What are the prime factors of 1505453895?
3, 5, 11, 3041321
List the prime factors of 479280179.
7, 68468597
What are the prime factors of 1296249312?
2, 3, 19, 710663
List the prime factors of 271949693.
271949693
List the prime factors of 91403734.
2, 45701867
What are the prime factors of 257714517?
3, 23, 162391
List the prime factors of 52884418.
2, 26442209
What are the prime factors of 13121516?
2, 101, 32479
List the prime factors of 362359740.
2, 3, 5, 83, 72763
What are the prime factors of 2027222929?
499, 4062571
List the prime factors of 590139393.
3, 196713131
What are the prime factors of 55585830?
2, 3, 5, 19, 113, 863
What are the prime factors of 925721819?
11, 19, 4429291
List the prime factors of 703888739.
4127, 170557
List the prime factors of 7007009192.
2, 109, 191, 42071
What are the prime factors of 24491873?
7, 1307, 2677
What are the prime factors of 3421800512?
2, 13, 269, 15289
What are the prime factors of 71308558?
2, 19, 1876541
What are the prime factors of 186543215?
5, 919, 40597
What are the prime factors of 40113016?
2, 107, 46861
List the prime factors of 542896512.
2, 3, 1413793
What are the prime factors of 2456943246?
2, 3, 487, 93427
List the prime factors of 11393464.
2, 19, 23, 3259
What are the prime factors of 264233855?
5, 19, 1213, 2293
List the prime factors of 1605369867.
3, 535123289
List the prime factors of 189136808.
2, 7, 97, 34819
List the prime factors of 47524716.
2, 3, 23, 57397
List the prime factors of 322432226.
2, 89, 20353
What are the prime factors of 99490742?
2, 13, 601, 6367
List the prime factors of 3155204481.
3, 11, 13, 149, 3797
List the prime factors of 3962747661.
3, 1320915887
List the prime factors of 144077806.
2, 72038903
What are the prime factors of 280399187?
23, 12191269
What are the prime factors of 24232600?
2, 5, 7, 19, 911
List the prime factors of 2876003559.
3, 11, 13, 23, 97159
List the prime factors of 52506358.
2, 53, 495343
List the prime factors of 176649977.
7, 43, 509, 1153
What are the prime factors of 1108786760?
2, 5, 23, 103, 11701
What are the prime factors of 3187331695?
5, 637466339
List the prime factors of 73311719.
13, 311, 18133
List the prime factors of 88017951.
3, 7, 751, 5581
List the prime factors of 4842421017.
3, 7, 14851, 15527
List the prime factors of 676125743.
67, 10091429
List the prime factors of 254490784.
2, 479, 16603
List the prime factors of 95508773.
95508773
What are the prime factors of 1510880337?
3, 55958531
List the prime factors of 33930735.
3, 5, 2262049
What are the prime factors of 121144164?
2, 3, 409, 24683
List the prime factors of 9687222.
2, 3, 179393
What are the prime factors of 1438888715?
5, 11, 19, 31, 44417
List the prime factors of 28421079.
3, 31, 305603
List the prime factors of 246967579.
83, 2975513
List the prime factors of 150902942.
2, 2753, 27407
List the prime factors of 473963608.
2, 41, 541, 2671
What are the prime factors of 408378305?
5, 19, 1279, 3361
List the prime factors of 142998839.
142998839
What are the prime factors of 35610023?
35610023
List the prime factors of 41183063.
433, 95111
List the prime factors of 66834200.
2, 5, 334171
What are the prime factors of 5263557?
3, 13, 17, 467
What are the prime factors of 499190649?
3, 911, 182653
What are the prime factors of 301112053?
11, 5231, 5233
List the prime factors of 2491140708.
2, 3, 7, 313, 31583
List the prime factors of 528148963.
223, 2368381
What are the prime factors of 330394482?
2, 3, 11, 41, 40699
List the prime factors of 44998148.
2, 13, 865349
List the prime factors of 53628821.
61, 373, 2357
List the prime factors of 103387755.
3, 5, 29, 237673
What are the prime factors of 95515695?
3, 5, 11, 192961
List the prime factors of 4817538960.
2, 3, 5, 13, 1544083
List the prime factors of 677777050.
2, 5, 13555541
What are the prime factors of 10228057?
7, 1461151
List the prime factors of 80680105.
5, 11, 1466911
List the prime factors of 335669344.
2, 10489667
List the prime factors of 226021474.
2, 7, 167, 277, 349
List the prime factors of 34943607.
3, 47, 82609
List the prime factors of 97280578.
2, 48640289
What are the prime factors of 727541572?
2, 251, 724643
What are the prime factors of 123439135?
5, 24687827
List the prime factors of 482592983.
857, 563119
List the prime factors of 274931922.
2, 3, 17, 2695411
What are the prime factors of 84773093?
8887, 9539
What are the prime factors of 307384549?
307384549
List the prime factors of 209441349.
3, 13, 37, 16127
List the prime factors of 2961018081.
3, 7, 127, 370081
What are the prime factors of 4315982?
2, 11, 196181
List the prime factors of 772917249.
3, 13, 167, 118673
List the prime factors of 95310592.
2, 13, 2203
What are the prime factors of 165097062?
2, 3, 13, 235181
What are the prime factors of 221926537?
7, 241, 18793
List the prime factors of 4810517132.
2, 17, 31, 241, 557
List the prime factors of 3630057180.
2, 3, 5, 41, 443, 3331
List the prime factors of 1905287680.
2, 5, 744253
What are the prime factors of 32626399?
13, 61, 41143
List the prime factors of 76805683.
1163, 66041
List the prime factors of 11057433.
3, 3685811
What are the prime factors of 1201513802?
2, 37, 438829
List the prime factors of 54869622.
2, 3, 61, 197, 761
List the prime factors of 2846225693.
2846225693
What are the prime factors of 54703193?
29, 1886317
What are the prime factors of 31352014?
2, 19, 233, 3541
List the prime factors of 596212623.
3, 149, 148201
List the prime factors of 41638173.
3, 61, 227531
What are the prime factors of 94361530?
2, 5, 1301, 7253
What are the prime factors of 1730831?
1730831
List the prime factors of 113966798.
2, 11, 41, 126349
List the prime factors of 5745509903.
7, 4003, 205043
List the prime factors of 517554890.
2, 5, 37, 41, 109, 313
List the prime factors of 387511994.
2, 193755997
List the prime factors of 863271471.
3, 521, 552317
What are the prime factors of 451972588?
2, 79, 1430293
What are the prime factors of 73117826?
2, 36558913
List the prime factors of 188751378.
2, 3, 89, 283, 1249
What are the prime factors of 560671286?
2, 7, 37, 1082377
List the prime factors of 699176025.
3, 5, 3107449
List the prime factors of 290728611.
3, 17, 67, 79, 359
List the prime factors of 115013761.
5297, 21713
List the prime factors of 244219697.
5231, 46687
List the prime factors of 36967093.
36967093
What are the prime factors of 304818626?
2, 7, 21772759
What are the prime factors of 184213713?
3, 29, 37, 89, 643
What are the prime factors of 411535970?
2, 5, 41153597
List the 